ose 0*o + 435 = 3*o. Is o a prime number?
False
Suppose -c = -2*c + 3, 1484 = 5*g - 2*c. Suppose 3*b = g + 47. Is b prime?
False
Let u = 9 + 1. Let k = -25 - u. Is 0 - k*1/1 prime?
False
Let i = -545 + 1498. Is i a prime number?
True
Let d = 2 + -2. Suppose d = -l - 26 + 5. Is (l/(-5))/((-1)/(-5)) composite?
True
Suppose 5*n + 11 = -s, n - 4 + 27 = 5*s. Suppose -s*h + y = -765, -2*h + 391 - 7 = -2*y. Is h composite?
False
Let s(n) = n**3 - 6*n**2 + n - 6. Let f be s(6). Let d(a) = -2*a**3 + a - 1. Let k be d(1). Is (k - 72)*(f + -1) a prime number?
False
Is (251/2)/(8/16) a prime number?
True
Let r = 7904 + -3423. Is r a prime number?
True
Suppose o - 2405 = -0*o - 3*a, 2*a + 4 = 0. Is o a prime number?
True
Suppose -2*n + 7*n = 25. Suppose 2*q - 6 = -3*v + 3, -n*v + 2*q + 15 = 0. Suppose -w + 139 = -4*y, -v*y + 209 = 4*w - 309. Is w prime?
True
Suppose 0 = -2*a - 4*k + 26 + 800, 4*a - 3*k - 1674 = 0. Let b be 2 + a + (-2 - 0). Suppose b - 1674 = -3*o. Is o a prime number?
True
Let x(m) = -m - 8. Let l be x(-6). Suppose 0*t = t - 3*a, -4*t - 4*a = -16. Is (l/t)/((-4)/42) a prime number?
True
Suppose 0*b = 3*f + 2*b - 674, -f + 238 = 4*b. Let n = f + 247. Is n prime?
False
Let w(c) = -31*c + 16. Is w(-6) prime?
False
Suppose -j = 3 - 24. Suppose -2*z = z + j. Is (0 - z) + 3 + 0 prime?
False
Let d(h) = h - 10. Let s be d(15). Suppose s*u - 330 = -65. Is u prime?
True
Suppose -j = 2*d + 570, d + 169 = 3*j - 116. Let v = d - -680. Suppose y + v = 6*y. Is y prime?
True
Is (-34640)/(-25) - (-6)/(-10) a composite number?
True
Let p(w) = 677*w**3 + 2*w + 1. Let a = -9 - -8. Let c be p(a). Let f = c - -1177. Is f prime?
True
Let z(q) = 3*q**3 + 2*q - 1. Let o be z(1). Suppose 5*h + 2*c = -o, 4*h = 4*c - 16 - 4. Is 2/(h/(-22 + 0)) prime?
False
Let p(q) = q**2 + 2*q + 541. Is p(0) prime?
True
Let z be 74/(-6)*-3 - 3. Suppose -4*p + 2*f - f = 5, 3*p = -3*f + 15. Suppose p = v - 23 - z. Is v prime?
False
Let n = -177 - -628. Is n a prime number?
False
Let l = -5 + 3. Let c be 0/(2 - 1) + l. Is 1/(-2) + (-21)/c prime?
False
Let l(h) be the third derivative of -h**6/360 + h**5/20 - 5*h**4/24 + h**3/6 - h**2. Let j(z) be the first derivative of l(z). Is j(4) a composite number?
False
Suppose -2*x - 3*s + 12 = 0, -s - 16 = 3*s. Let m = x - -3. Is m a prime number?
False
Let z(q) = q**3 + 9*q**2 - q - 9. Let g be z(-9). Suppose g = -3*n + 69 + 42. Is n prime?
True
Suppose 0 = 5*o - 479 - 806. Let z = o + -166. Suppose 0*x - z = -x. Is x composite?
True
Suppose 5*m + 32 = m. Let k(s) be the first derivative of s**4/4 + 8*s**3/3 - 2*s**2 + 3*s + 4. Is k(m) a prime number?
False
Suppose 3*o = 4*o. Suppose o = 2*m - 0*m. Suppose m = -2*t - 4*b + 86, 0 = -0*t - 4*t - 3*b + 187. Is t a prime number?
False
Let o(c) = -10*c - 2. Let g = 5 + -8. Let y be o(g). Suppose -7*k = -3*k - y. Is k a prime number?
True
Let w = -230 - 3. Let n = w + 391. Is n a composite number?
True
Let h = -53 - -104. Is h a composite number?
True
Let u(o) = -o**3 - 3*o**2 + 2*o + 1. Let t(l) = -l**3 - 7*l**2 + 5*l + 2. Let y(v) = 2*t(v) - 5*u(v). Let q be y(1). Is 79 - 0/(2 - q) composite?
False
Is (-4)/22 - (-11316)/44 a prime number?
True
Suppose 2*z = 3*z - 4. Suppose -4*b + 5 + 15 = 0. Suppose 2*d = -i + 27, -z*i + 7*i - 67 = -b*d. Is d a composite number?
True
Suppose -3*m = m + 564. Is m*(1 - 4)/9 prime?
True
Suppose 0 = -3*k + 3*x + 294, 3*k - 2*x - 288 = -x. Is k a prime number?
False
Suppose 5*r - 27 - 23 = 0. Let t(g) = 2*g - 10. Is t(r) a prime number?
False
Let w = 785 - 109. Suppose -232 + w = 4*u. Is u a composite number?
True
Suppose -f + 2*f = 2. Suppose -f*p + 5*a = -0*a - 193, -4*p - 4*a + 344 = 0. Is p a composite number?
False
Let l = -7 + 7. Suppose 2*p + l*p = 162. Let u = p + -24. Is u prime?
False
Suppose -c + f + 229 = -190, 0 = -3*c + f + 1249. Is c a composite number?
True
Let h = -3 + 7. Let u be ((-2)/4)/(1/(-10)). Suppose -3*b = -4*a - 4*b + 346, -u*b + 338 = h*a. Is a a composite number?
True
Is -2 - (10/(-45) + (-5299)/9) prime?
True
Let q = -4 + 4. Let g(j) = -j**3 - j**2 - 2. Let l be g(q). Let z = 15 + l. Is z prime?
True
Suppose 60*b = 64*b - 572. Is b a prime number?
False
Let r(k) = -k - k**2 + 1 + 3*k + 2 - 3*k. Let j be r(0). Suppose x + 2*s = 27, -2*s = -j*x + s + 54. Is x prime?
False
Let k = 91 - 58. Is k a prime number?
False
Suppose 0 = 2*y + 1 - 9. Suppose -5*j + 111 = -y*k, -2*k + 29 - 132 = -5*j. Is j prime?
True
Let a be (-147 + 13)/((-2)/5). Let x(b) = -177*b**3 - 2*b + 1. Let i be x(1). Let t = i + a. Is t a composite number?
False
Let m = -344 + 583. Is m a composite number?
False
Suppose -8 = -i + 4. Let c = i - 21. Is (-382)/(-18) - (-2)/c prime?
False
Let s(o) = 3*o**2 + 3*o + 7. Let n = -2 + 2. Let w(r) = -r**2 + 6. Let x be w(n). Is s(x) prime?
False
Suppose -4*a + 5*a - 445 = 0. Is a prime?
False
Let n be 886/(-10) + 4/(-10). Let f = -54 - n. Is f prime?
False
Let x(m) = -m**3 - 2*m**2 - 2*m - 1. Let i be x(-1). Suppose 0*p + g - 8 = 2*p, -4*p - 4*g - 16 = i. Is -2*94/p*1 a composite number?
False
Suppose -25 = -0*z - 5*z. Let w(u) = -1 + z - 2*u + 9. Is w(-9) composite?
False
Let a be (-10)/(-4) - 7/14. Suppose 110 = -0*z + a*z. Is z a prime number?
False
Suppose 0*k = -2*k + 30. Suppose 3*o = k, b + 2*o - 44 = 3. Is b prime?
True
Let l be 0 + 2 + -13 - -1. Is (-1719)/(-15) - 4/l a composite number?
True
Suppose -h = -0*h. Is (h + 4)*471/12 composite?
False
Let p = 84 - -487. Is p prime?
True
Let n(q) = -q**2 + 2. Let c be n(2). Is 27 - (3 - (c - -3)) a composite number?
True
Let n = 22 - -165. Is n a prime number?
False
Let h be 4/(-10) + (-523)/5. Let q = h - -552. Is q composite?
True
Is 379/((-1 + 2)/(2/2)) a prime number?
True
Suppose 4*h + 3*j - 14 = -0*j, -j = 2*h - 6. Suppose -5*l + 2*l = 15, -4*c + 21 = -l. Is (-58)/(-4) - h/c prime?
False
Suppose 4*k = -2*x - 182, 3*k - 58 = x - 197. Let j = k - -120. Is j composite?
True
Let f be -2 + ((-6)/(-1))/3. Suppose -3*m + 4*m - 36 = f. Suppose 0 = -4*s + m + 52. Is s a composite number?
True
Let r be -10*(6/4 + -2). Let m(o) = 8*o**2 - 2*o + 3. Let j(q) = 8*q**2 - 3*q + 4. Let h(x) = r*m(x) - 4*j(x). Is h(3) a composite number?
True
Suppose o = 3*x - 17, -2*x = -5*o - 5 - 2. Let b = x + -4. Is (2 + (-123)/(-2))*b prime?
True
Suppose -3*m + 15*m = 4908. Is m a prime number?
True
Suppose 804 + 1857 = 3*k. Is k a prime number?
True
Let n be (-12940)/(-22) - (-22)/(-121). Suppose 2*h - 268 = -d + n, -5*d = -2*h + 844. Is h prime?
False
Let w(g) = g**3 - 10*g**2 + 12*g + 11. Is w(10) a composite number?
False
Suppose 5*x = 7 + 8. Is 265 + x + -3*1 composite?
True
Is ((-4)/(-6))/((-38)/(-21603)) composite?
False
Let r(u) = -u**2 + 13*u + 4. Let c be r(11). Is -2 - c*6/(-4) prime?
True
Suppose 0 = -2*f - 77 + 11. Let n = 52 + f. Suppose -n = -g + 4*m + 82, 5*g + m - 484 = 0. Is g prime?
True
Let j(l) = l**3 + 7*l**2 - 3. Is j(-5) a composite number?
False
Let o = 354 - -8. Is o prime?
False
Let g(o) = -3*o**3 - 11*o**2 + 29*o - 17. Let c(j) = j**3 + 4*j**2 - 10*j + 6. Let f(l) = -17*c(l) - 6*g(l). Is f(5) prime?
False
Let u = 3 - 0. Let n be (-22 - (-2 + u)) + 2. Let j = 44 + n. Is j prime?
True
Suppose 0 = 3*g + p - 23, 10 + 1 = 3*g + 4*p. Suppose -5*y = -2*t + 22, -7*y - g = -t - 4*y. Is t a prime number?
False
Let g = 140 + -77. Let m = 31 - g. Let s = -21 - m. Is s composite?
False
Suppose 5*a - 2*a + 4*t - 226 = 0, a - 70 = 4*t. Let k = a + -19. Is k a composite number?
True
Let x be (-3)/(-12) + 9621/(-4). Let r = x - 277. Is 4/(-10) + r/(-30) a prime number?
True
Suppose 5*i + 0*i + 4*l = 1, 5*i = -3*l - 3. Let c = 3 + i. Suppose -2*h = 5*g - 73, -2*h - 77 = -5*g - c*h. Is g prime?
False
Let s = -3 + -16. Let a = 96 + s. Is a a composite number?
True
Suppose 5*x = -2*u + 8, 2*x = -5*u + 13 + 7. Is 113 + u + -3 + -1 composite?
False
Let d be 3 + 1 + (2 - 144). Let s = -69 - d. Is s composite?
True
Let z be 8/28 + 12/7. Suppose -3*q = -z*q - 410. Suppose 0*t = 2*c - 4*t - 146, 5*c - t - q = 0. Is c a prime number?
True
Is (97/4)/((-8)/(-224)) prime?
False
Suppose -3*u + 3*k + 5107 = -158, -2*u - 5*k + 3510 = 0. Suppose -a = 4*a - u. Suppose a = 4*q + 5*d, -4*d - d + 84 = q. Is q a composite number?
False
Let g(b) = -6*b + 1. Let l be g(-1). Let j be l*-1 - 2/2. Is (-183)/(-4) - 2